y - 7. Determine s(-4).
65
Let f(c) = -14*c + 839. Determine f(61).
-15
Let v(o) = -4*o - 59. Determine v(-12).
-11
Let j(u) = 6*u + 58. What is j(-6)?
22
Let f(a) = a**3 + 5*a**2 - 2*a - 10. What is f(-5)?
0
Let v(a) = 2*a**3 + 20*a**2 + 4. Calculate v(-10).
4
Let f(u) = u**3 + 8*u**2 + 3*u - 7. Give f(-7).
21
Let f(o) = -o**3 - 18*o**2 - 18*o + 1. What is f(-17)?
18
Let u(o) = 22*o - 2. Determine u(-3).
-68
Let r(c) = -c**3 + 2*c**2 + c - 1. Give r(2).
1
Let d(y) = -y**3 + 7*y**2 - 7*y - 3. Give d(6).
-9
Let u(a) = -13*a**2 - 6*a + 5. Determine u(1).
-14
Let x(b) = 2*b**3 + 2*b**2 + b + 1. Calculate x(-2).
-9
Let w(z) = 2*z**3 - 6*z**2 + 4*z - 5. What is w(3)?
7
Let a(g) = g - 31. Determine a(9).
-22
Let p(d) = d - 25. Give p(0).
-25
Let h(i) = i**2 + 3*i - 22. Determine h(-7).
6
Let w(r) = 23*r - 38. Determine w(2).
8
Let x(n) = -n**2 - 4*n + 4. Give x(-5).
-1
Let q(m) = m**2 - 5*m - 21. Give q(7).
-7
Let z(k) = k**3 + 16*k**2 + 13*k - 34. What is z(-15)?
-4
Let q(m) = -4*m - 15. What is q(-2)?
-7
Let f(t) = -8*t + 2. What is f(1)?
-6
Let o(c) = c**3 - 2*c**2 + 2*c + 4. Determine o(3).
19
Let t(r) = -12*r - 63. Calculate t(-6).
9
Let m(w) = -4*w - 228. Determine m(-48).
-36
Let d(h) = -40*h**2 + h + 1. Calculate d(-1).
-40
Let x(j) = -j**3 + 6*j**2 + 31*j - 30. Determine x(9).
6
Let h(g) = 2*g**2 + 7*g + 5. Calculate h(6).
119
Let t(h) = h**2 - 24*h + 117. Determine t(17).
-2
Let g(s) = s**2 + 2*s - 34. Determine g(4).
-10
Let p(y) = 2*y + 4. What is p(-5)?
-6
Let d(j) = j**2 + 2*j - 1. Calculate d(1).
2
Let y(x) = -3*x + 2. Determine y(-17).
53
Let c(v) = -v**3 - 8*v**2 - 3*v + 2. Determine c(-5).
-58
Let z(b) = 2*b**3 - 4*b**2 - 2*b - 3. Determine z(-2).
-31
Let f(z) = -11*z + 107. Determine f(10).
-3
Let j(a) = -a**3 - 3*a**2 + 15*a + 40. Give j(-5).
15
Let m(w) = -3*w**3 - 13*w**2 - 5*w. Calculate m(-4).
4
Let b(q) = q - 13. Determine b(-6).
-19
Let s(u) = u**2 + 25*u + 42. What is s(-23)?
-4
Let p(m) = m**2 + 6. What is p(0)?
6
Let s(p) = p**2 + 7*p + 6. Determine s(-5).
-4
Let f(r) = 2*r - 6. What is f(6)?
6
Let b(y) = 3*y + 5. What is b(-2)?
-1
Let i(n) = n + 5. Calculate i(-7).
-2
Let b(q) = -q**3 - 7*q**2 + 2*q - 1. Calculate b(-8).
47
Let q(i) = 2*i**3 - i**2 - 2*i + 2. Give q(1).
1
Let i(y) = -y**3 - 9*y**2 - 5*y - 3. What is i(-8)?
-27
Let d(g) = 6*g**2 + 42*g + 40. Give d(-6).
4
Let b(t) = t + 7. Determine b(-9).
-2
Let q(a) = -8*a - 343. What is q(-45)?
17
Let z(m) = m**2 - 13*m + 6. Determine z(12).
-6
Let t(j) = 9*j**2 - 3*j + 3. Give t(1).
9
Let p(f) = -f**3 + 7*f**2 + f + 4. Determine p(7).
11
Let x(w) = w**3 - 8*w**2 + 7*w + 7. Determine x(7).
7
Let y(t) = 34*t - 174. What is y(5)?
-4
Let t(p) = -p**2 - 52*p - 6. Calculate t(0).
-6
Let v(h) = -4*h - 77. Determine v(-24).
19
Let m(c) = -11*c + 49. What is m(3)?
16
Let q(g) = g**2 + 3*g - 27. Determine q(-8).
13
Let q(a) = -a**2 + 19*a - 95. Determine q(8).
-7
Let r(h) = h**2 + 14*h - 46. Give r(-19).
49
Let q(s) = s**3 - 2*s**2 + 3*s - 4. Determine q(3).
14
Let r(h) = -h**3 + 6*h**2 - h + 35. What is r(6)?
29
Let d(l) = l**3 + 9*l**2 + 6*l - 8. Determine d(-8).
8
Let k(v) = 2*v + 25. Calculate k(0).
25
Let z(f) = f**2 + 7*f - 32. What is z(4)?
12
Let a(n) = n**3 + 7*n**2 + 4*n + 10. Calculate a(-7).
-18
Let i(p) = 9*p**2 - p. What is i(-1)?
10
Let l(m) = m + 23. Determine l(8).
31
Let s(g) = -g**2 + 3*g + 3. What is s(-3)?
-15
Let b(a) = -a**3 + 6*a + 4. Determine b(6).
-176
Let n(w) = 26*w + 7. Give n(1).
33
Let t(v) = -2*v**2 + 11*v - 3. Calculate t(5).
2
Let m(y) = y + 20. Determine m(-8).
12
Let u(j) = j**3 - 62*j**2 + 122*j - 117. Give u(60).
3
Let r(a) = -2*a**2 - 39*a + 51. Give r(-21).
-12
Let o(g) = -5*g - 15. Calculate o(25).
-140
Let q(z) = -z**3 + 66*z**2 + 75*z - 538. Give q(67).
-2
Let c(u) = -2*u + 1. Give c(-2).
5
Let f(c) = 4*c. Give f(-6).
-24
Let r(m) = m**3 + 3*m + 23. Determine r(0).
23
Let f(d) = d**2 + 3*d - 22. Give f(-7).
6
Let k(r) = r**3 - r**2 - 4*r - 3. Give k(-2).
-7
Let f(r) = r**2 + 27*r + 134. Calculate f(-20).
-6
Let x(r) = r**2 - 12*r + 18. Calculate x(5).
-17
Let d(g) = 2*g**2 - 9*g + 1. Determine d(7).
36
Let l(v) = -v**2 + 9*v - 8. What is l(5)?
12
Let l(r) = -3*r - 54. Calculate l(-18).
0
Let w(s) = 2*s + 22. Determine w(6).
34
Let i(u) = 2*u + 38. What is i(-22)?
-6
Let j(t) = 10*t + 4. Calculate j(-5).
-46
Let s(v) = -22*v - 4. Determine s(2).
-48
Let v(l) = l**2 + 9*l + 5. Calculate v(-8).
-3
Let k(i) = -i**2 - 32*i - 70. Determine k(-29).
17
Let g(b) = -b**3 + 8*b**2 + 11*b - 27. Give g(9).
-9
Let a(x) = -x**3 - 8*x**2 + x - 5. Determine a(-8).
-13
Let b(m) = -m**3 - 9*m**2 + 3*m + 21. What is b(-8)?
-67
Let d(w) = w**2 + 9*w - 26. Calculate d(3).
10
Let b(n) = -n**2 - 4*n + 7. What is b(-6)?
-5
Let q(w) = w**3 - 15*w**2 + 27*w - 28. What is q(13)?
-15
Let r(a) = -a**3 + 3*a**2 - 6*a + 7. Determine r(3).
-11
Let q(h) = -5*h - 131. Calculate q(-29).
14
Let t(m) = -19*m + 8. Determine t(-3).
65
Let k(p) = -4*p**2 + 2*p. What is k(-3)?
-42
Let l(x) = 11*x - 2. Determine l(4).
42
Let z(q) = -9*q + 81. Calculate z(13).
-36
Let o(d) = -27*d**2 + 4*d + 1. Give o(-1).
-30
Let i(z) = z**3 - 16*z**2 + 30*z - 24. Calculate i(14).
4
Let k(s) = 15*s - 1. What is k(-1)?
-16
Let l(r) = 4*r**3 - r + 2. Determine l(-2).
-28
Let c(r) = r**2 + 3*r - 2. Calculate c(-4).
2
Let m(c) = c + 9. Determine m(12).
21
Let c(l) = l**3 - 5*l**2 - 3*l - 10. Give c(5).
-25
Let y(i) = i**2 + 23*i + 46. What is y(-20)?
-14
Let x(p) = 38*p - 105. Give x(3).
9
Let a(w) = -w**2 - 7*w + 17. What is a(-8)?
9
Let y(o) = 55*o + 328. Give y(-6).
-2
Let y(r) = 2*r**3 - 5*r + 3. Calculate y(2).
9
Let j(d) = d**3 + 8*d**2 + 15*d + 3. Determine j(-5).
3
Let k(g) = g**3 + 6*g**2 - 2*g - 16. What is k(-6)?
-4
Let o(g) = 3*g + 14. Give o(-5).
-1
Let v(s) = 2*s**3 - 34*s**2 - s + 17. Calculate v(17).
0
Let h(m) = m**3 - 17*m**2 - 2*m + 31. Calculate h(17).
-3
Let q(r) = 5*r + 18. Calculate q(-14).
-52
Let u(n) = n - 7. What is u(0)?
-7
Let s(h) = -71*h + 342. Give s(5).
-13
Let k(d) = d**3 + 12*d**2 + 20*d - 8. Give k(-10).
-8
Let o(w) = -48*w + 6. Determine o(2).
-90
Let l(m) = 2*m - 15. Calculate l(6).
-3
Let g(u) = u**3 + 4*u**2 - 4*u + 1. What is g(-5)?
-4
Let o(s) = -s**2 - 14*s + 35. Determine o(-16).
3
Let x(c) = -c**2 - 8*c - 24. Determine x(-9).
-33
Let v(y) = -y**3 + 11*y**2 + 13*y - 7. Determine v(12).
5
Let f(y) = -7*y**2 - 150*y - 40. Determine f(-21).
23
Let c(t) = t**3 - t**2 + t - 2. Give c(0).
-2
Let h(f) = -9*f + 8. Give h(7).
-55
Let s(l) = -4*l - 2. Determine s(2).
-10
Let u(t) = -t**3 + 5*t**2 + t - 3. Determine u(5).
2
Let n(f) = -f**2 - 10*f - 22. Determine n(-8).
-6
Let g(i) = -2*i + 9. Determine g(28).
-47
Let p(b) = b**2 + 2. Determine p(0).
2
Let n(q) = -q**2 + 5*q + 11. Calculate n(6).
5
Let c(r) = 8*r - 5. Calculate c(4).
27
Let a(s) = 2*s**2 + 2*s - 33. Give a(5).
27
Let x(s) = s**2 - 12*s + 2. Calculate x(11).
-9
Let r(p) = -p**3 - 13*p**2 + p + 19. Determine r(-13).
6
Let j(l) = 2*l**2 - 6*l - 14. Calculate j(6).
22
Let b(v) = -v**2 + 4*v + 29. Calculate b(-4).
-3
Let z(d) = -9*d + 259. What is z(26)?
25
Let y(l) = -l**2 + 2*l + 42. Determine y(8).
-6
Let y(g) = g**2 + 6*g - 34. Give y(-9).
-7
Let c(p) = p**3 + 10*p**2 - 40*p - 16. Give c(-13).
-3
Let h(y) = 4*y**2 - 4*y. Calculate h(2).
8
Let f(q) = -q**2 + 10*q - 23. What is f(5)?
2
Let z(y) = 106*y + 1. What is z(-1)?
-105
Let i(q) = q**2 + 21*q + 104. Determine i(-12).
-4
Let x(u) = -u**2 - 16*u - 12. What is x(-11)?
43
Let v(c) = -c**3 + 28*c**2 - 170*c - 2. Determine v(9).
7
Let y(f) = f**2 - 13*f + 4. Determine y(4).
-32
Let p(m) = m**3 - 14*m**2 + 18*m - 59. Give p(13).
6
Let k(b) = 2*b + 1. Calculate k(2).
5
Let d(n) = -n + 27. Give d(25).
2
Let g(o) = -o**3 + 28*o**2 + 32*o - 98. Determine g(29).
-11
Let t(o) = o**2 - 6*o - 5. Give t(10).
35
Let b(c) = c - 77. Calculate b(21).
-56
Let u(l) = -3*l**2 + 140*l + 49. Calculate u(47).
2
Let o(w) = w**2 + 23*w - 73. Give o(-25).
-23
Let y(v) = v**3 + 14*v**2 - 2*v - 34. What is y(-14)?
-6
Let r(y) = y**2 + 16*y - 19. Determine r(-9).
-82
Let c(s) = -4*s - 46. What is c(-12)?
2
Let o(t) = 18*t + 19. Give o(-1).
1
Let p(n) = n**3 + 12*n**2 - 5*n - 37. Calculate p(-12).
23
Let z(t) = t**3 - 19*t**2 + 15*t + 20. Determine z(18).
-34
Let l(d) = 